).
-10
Let n be 2040/(-184) + 11 - 30640/(-46). Let w(c) = 10*c - 647 + 0*c**2 + c**2 + n + 4*c. Give w(-12).
-5
Let g(b) = b + 4. Let x = 1405 - 1412. Determine g(x).
-3
Let u be 380/(-65) + 6 + (-616)/(-52). Let y(o) = o**3 - 11*o**2 - 7*o - 57. Determine y(u).
3
Let y(r) be the first derivative of -r**4/4 - 2*r**3 + 7*r**2/2 - 7*r - 365. Suppose 0 = 2*b + 10 + 4. What is y(b)?
-7
Let b(l) be the second derivative of -l**6/180 - l**5/20 - l**4/12 + 91*l**3/3 + 255*l. Let u(c) be the second derivative of b(c). Give u(-4).
-10
Let h(x) = 19*x - 16. Let a be ((-74)/22 - 128/(-352)) + 2 + 3. Calculate h(a).
22
Let u be 240/(-400)*(-20)/3. Suppose p - u*h + 12 = 0, 3*h - 6 = -0*h. Let o(c) be the first derivative of c**4/4 + c**3 - 2*c**2 - 3*c + 1. Determine o(p).
-3
Let g(k) = k**2 - 2*k - 2. Suppose -r + 10 = -b, 2*b = 3*r - 2*b - 35. Give g(r).
13
Let o be 111/(-7) + 2/(-14). Let z be (-3 + 5 - 9) + (o - -18). Let d(m) be the first derivative of m**4/4 + 7*m**3/3 + 3*m**2 - 5*m + 2. Calculate d(z).
15
Let i(s) = -6*s + 5*s**2 - 1 + 2*s - 4*s**2. Suppose -5 = -v + u - 0*u, -5*v - 2*u = -46. Suppose -60 = -7*r - v*r. What is i(r)?
-1
Let l(k) = -1 + 4*k + 2 + k - 4*k. Let s be l(-3). Let h(t) = -5*t**2 + 3*t**2 + 4*t**2 - 2 + 3*t**3 - 5 + 5. Give h(s).
-18
Let c(t) = t**2 + 8*t + 7. Suppose -4*r = -9*h + 7*h - 16, 0 = 3*h - r - 1. Let l(o) = -o**3 - o**2 + 4*o - 3. Let j be l(h). Give c(j).
0
Suppose -4*h - 17 = i, 3*i - 50*h = -55*h - 37. Let r(y) = 4*y + 22. What is r(i)?
-14
Let l(y) = y - 10. Let q be l(8). Let w be (80/24)/(q/3). Let k(s) = s**2 + 5*s + 7. Determine k(w).
7
Let t(a) be the third derivative of -a**4 - 5*a**3/6 + 317*a**2 + a - 2. Calculate t(3).
-77
Let n(x) = 2*x**2 + 6*x + 1. Let u = -13 + 16. Suppose -5*s - 1 = -v, u - 12 = -v + 3*s. Suppose 0*l + 3*l + v = -3*d, -2*l - 18 = 3*d. Give n(d).
9
Let m(j) be the third derivative of 3*j**6/80 + 47*j**4/12 - 28*j**2 + 1. Let z(n) be the second derivative of m(n). Determine z(-1).
-27
Let h(r) be the second derivative of r**6/180 - r**5/120 - r**4/24 - 34*r**3/3 + 2*r - 1. Let z(m) be the second derivative of h(m). Give z(-2).
9
Let d(p) = -p**3 + p**2 + p + 5. Let n(f) = 3*f + 6. Let j be n(-2). Let s be (-14)/28*j*1/2. Let y be ((0 + s)*(-12)/24)/1. Determine d(y).
5
Let q be 37*-3*1/(-3). Suppose 8*l + q = -19. Let o(u) = -u - 13. Let d(w) = -w - 12. Let i(k) = -3*d(k) + 2*o(k). What is i(l)?
3
Suppose p + o = 6 + 31, 3*o = -5*p + 175. Let b(t) = -7*t**2 - 25 + p + t**3 - 8*t + 9*t. Give b(7).
14
Let x(w) = -1 + 23*w + 4 - 19*w. Suppose 46*s + 4*m = 41*s - 35, s + 13 = -2*m. Calculate x(s).
-9
Let d be 3 + 1449 + -1 - 6. Let a(w) = -d + 722 + 722 - 2*w. Calculate a(-1).
1
Let w(q) be the second derivative of -q**3/3 + q**2 + 2*q. Let p = 15 - 11. Suppose -4*v = -2*v - p. Determine w(v).
-2
Let c(w) = w**3 - w**2 - 1. Let s(v) be the second derivative of -7*v**5/20 - v**4/12 - v**3/3 + 4*v**2 + 5*v + 2. Let r(z) = 6*c(z) + s(z). Calculate r(-7).
16
Suppose 260 = -5*s - 55. Let z = s + 65. Let r(c) = -7*c. Determine r(z).
-14
Let i(s) be the first derivative of 2*s**3/3 + 32. Let u(l) = -l**3 - 4*l**2 - 3*l + 2. Let b be u(-3). Let q be b/((-3)/(-6)*4). Calculate i(q).
2
Let k(x) = x**2 - 4*x - 4. Let m = -4237 + 4232. Calculate k(m).
41
Let p(n) = -49*n - 20*n + 73*n + 83*n**2. Give p(-1).
79
Let i(w) be the first derivative of -w**2 - 2. Suppose 0 = -2*h - 2, 88 = -4*l + 2*h + 562. Let s = l - 115. Give i(s).
-6
Let r(c) = c**3 - 15*c**2 - 18*c + 27. Let q(v) = -19*v + 187. Let y be q(9). Determine r(y).
-5
Let j be (4 + -2)/((-2)/8). Let x(r) be the second derivative of -r**5/20 - 2*r**4/3 + 2*r**3/3 + 5*r**2/2 - 7*r + 14. Determine x(j).
-27
Let u(z) be the first derivative of 17*z**2/2 - 120*z - 7714. What is u(7)?
-1
Let p(v) = v**3 - 12*v - 7*v**2 + 24*v + 4*v**2 - 14*v**2 + 14*v + 35. What is p(15)?
-25
Let x be (-80)/(-32) - 0 - (-1)/(-2). Let v(g) be the first derivative of 2/3*g**3 - g**x - 2*g + 6. Calculate v(3).
10
Let x be (-72)/40*125/15*(-2)/(-5). Let s = 2 + 0. Let n(b) = 5 - 5*b**3 + s*b**3 + b**3 + 3*b**3 + 7*b**2 + 7*b. Calculate n(x).
-1
Let z(i) = 3*i**3 + 19*i**2 + 3. Let f(k) = -k**3 - 8*k**2 + k - 1. Let h(l) = 2*f(l) + z(l). Let t(w) = -4*w**2 - w + 1. Let b be t(1). Give h(b).
-23
Let g(b) = b**2 - 30*b + 14. Let p(x) = x**3 - 89*x**2 - 87*x - 241. Let m be p(90). Calculate g(m).
-15
Let t(m) = -2*m + 7. Let i be (-28)/(-42) + (-4)/6. Suppose i = -111*g + 107*g + 20. Give t(g).
-3
Let u = 15 + -12. Let h(a) be the third derivative of a**4/12 - a**3/3 + 5*a**2 + 3*a + 18. Calculate h(u).
4
Let r(d) = -18*d**3 + 4*d**2 - 2*d - 1. Let y be ((-7)/(-35))/(2/(-20)). Let u(n) = -n**3 + 2*n**2. Let z(j) = y*u(j) + r(j). Give z(-1).
17
Let f(t) be the second derivative of t**5/20 + 5*t**4/6 + 5*t**3/3 + t**2/2 - 140*t - 1. Give f(-9).
-8
Let l(i) be the second derivative of -i**5/20 + 5*i**4/12 + 3*i**2/2 - 971*i. Let p = 18 + -15. What is l(p)?
21
Let t(p) = p**2 + 9*p + 8. Let h(a) = -4*a - 11. Let m be h(-4). Suppose -3 = 4*y + m. Let c be 0 - (y - 1) - (11 + -1). Give t(c).
-6
Let y(p) be the second derivative of -7*p**4/12 - 2*p**3/3 + p**2/2 - 25*p. What is y(-2)?
-19
Let z(l) = -l**3 + 6*l**2 + 3*l - 8. Let f = 5405 + -5399. What is z(f)?
10
Let w be (6/(-9))/((-3)/225). Let s = -44 + w. Let u(n) = 3*n - 2 - 8*n + n**2 - 1 + 0*n**2. Determine u(s).
3
Suppose 64*n = 70*n - 954. Let i(j) = -77*j - 74*j - j**2 + n*j - 4. Give i(9).
-13
Let t = -1622 + 1631. Let u(v) be the first derivative of v**4/4 - 3*v**3 - v**2 + 7*v + 25. What is u(t)?
-11
Let s(v) = v - 2. Let d be (4/(-10))/(7/(-490)). Let b = 32 - d. Suppose -b*f - 23 = 13. Calculate s(f).
-11
Let d(w) = w**2 + 8*w + 6. Let r = -21 - 6. Let g = r + 27. Suppose 2 = -2*h - g, -3*h + 2 = -v. Give d(v).
-9
Let j(r) = 5*r. Let l(q) = -q**2 + 5*q + 26. Suppose -106 = 14*f - 218. Let t be l(f). Determine j(t).
10
Let n(v) = -v**3 - 7*v - 3. Suppose 4*d = -3*a - 2, 209*d - 204*d + 2*a + 13 = 0. Determine n(d).
157
Let r(j) = -5*j - 168. Let t = 10194 + -10230. Determine r(t).
12
Let r(i) = -4 - 5*i**2 + 4*i**2 - 81797*i + 81796*i. Give r(-3).
-10
Let y(c) = 853*c + 251 + 870*c + 851*c - 2542*c. Determine y(-8).
-5
Suppose -16 = -m + 5*m. Let h(c) = c + 4. Let i(v) = 10*v + 10. Let n(o) = -h(o) + i(o). Determine n(m).
-30
Let f = -343 - -348. Suppose 2*q - 3*d - 8 - 10 = 0, 2*q + f*d = 18. Let u(s) = s**2 - 11*s + 19. Calculate u(q).
1
Let y(k) be the third derivative of k**4/12 - 19*k**2. Let d = -1160 + 1153. What is y(d)?
-14
Let l(q) = -13*q - 19*q + 11 - 18*q**2 - 6*q + 12*q**2. Let g(p) = 7*p**2 + 39*p - 13. Let t(d) = 4*g(d) + 5*l(d). Calculate t(-17).
3
Let t(h) = -h**3 - 8*h**2 - 6*h + 5. Let b(j) = -2 - 3 - 2*j - 28*j. Let k be b(-2). Let w be (-10)/k + 300/(-44). Calculate t(w).
-2
Let c be -2*(-6)/(-4)*-1. Let p(v) = -495*v - 1. Let k(f) = -5446*f - 8. Let j(s) = -2*k(s) + 22*p(s). Determine j(c).
0
Let r(p) = p**2 - 5*p. Let u(b) = -3*b**2 + 15*b - 1. Let t(i) = 11*r(i) + 4*u(i). Suppose x + 2 = 2*x + 5*f, 2*x + f = -32. Let y = x + 22. What is t(y)?
0
Let x = 197 + -770. Let f = x + 579. Let o(p) = -p**2 + 4*p + 7. Give o(f).
-5
Suppose 4365*q - 4179*q = -1302. Let j(s) = s**2 + 6*s - 9. Let d(h) = -4*h**2 - 24*h + 37. Let c(n) = 2*d(n) + 9*j(n). Calculate c(q).
0
Let r = 432 - 82. Let b(c) = 4*c**2 + 355*c - 5*c**2 - r*c + 9. Determine b(7).
-5
Let f = 40 + -37. Let p(j) = -15 + 44 + 3*j - j - 13 - 15 - j**2. Determine p(f).
-2
Let o(y) = -y**3 - 24*y**2 - 23*y - 6. Let l = -53 + 30. Let g be o(l). Let j(k) = -k**2 - 5*k. Calculate j(g).
-6
Suppose 0 = -2*m + z + 21, -40*m + 37*m - 3*z = -27. Let x(v) = 2*v**2 - 24*v - 3*v**2 + 10 + 21*v + 13*v. What is x(m)?
10
Suppose -20*d + 36 = -84. Let v(w) = -w**3 + 5*w**2 + 5*w + 9. Let u be v(d). Let g(i) = i**2 - 6*i + 3. Determine g(u).
-6
Suppose -5*d - 4*o = -10, -111 + 132 = -3*d + 3*o. Let m(f) = -f**3 + f**2 + 2*f + 3. Calculate m(d).
11
Let z(b) be the second derivative of b**4/6 - 13*b**3/6 - 61*b**2/2 - 11*b - 132. Calculate z(10).
9
Let l(y) = -68*y**2 + 47 + 35*y**2 - 76 - 4*y + 32*y**2 - 12*y. Determine l(-14).
-1
Suppose -98 - 130 = -2*t. Let x = 122 - t. Let f(u) = u**3 - 8*u**2 - 2. Let i be f(x). Let o(l) = 3*l**2 + 2*l - 1. W